{"version":"1.0","provider_name":"Museu Ol\u00edmpic i de l&#039;Esport","provider_url":"https:\/\/www.museuolimpicbcn.cat\/ca\/","author_name":"Ibone","author_url":"https:\/\/www.museuolimpicbcn.cat\/ca\/author\/fbolimpica\/","title":"Junts per un futur compartit - Museu Ol\u00edmpic i de l&#039;Esport","type":"rich","width":600,"height":338,"html":"<blockquote class=\"wp-embedded-content\" data-secret=\"xjlja5hqr8\"><a href=\"https:\/\/www.museuolimpicbcn.cat\/ca\/exposicions\/juntos-por-un-futuro-compartido\/\">Junts per un futur compartit<\/a><\/blockquote><iframe sandbox=\"allow-scripts\" security=\"restricted\" src=\"https:\/\/www.museuolimpicbcn.cat\/ca\/exposicions\/juntos-por-un-futuro-compartido\/embed\/#?secret=xjlja5hqr8\" width=\"600\" height=\"338\" title=\"&#8220;Junts per un futur compartit&#8221; &#8212; Museu Ol\u00edmpic i de l&#039;Esport\" data-secret=\"xjlja5hqr8\" frameborder=\"0\" marginwidth=\"0\" marginheight=\"0\" scrolling=\"no\" class=\"wp-embedded-content\"><\/iframe><script type=\"text\/javascript\">\n\/* <![CDATA[ *\/\n\/*! This file is auto-generated *\/\n!function(d,l){\"use strict\";l.querySelector&&d.addEventListener&&\"undefined\"!=typeof URL&&(d.wp=d.wp||{},d.wp.receiveEmbedMessage||(d.wp.receiveEmbedMessage=function(e){var t=e.data;if((t||t.secret||t.message||t.value)&&!\/[^a-zA-Z0-9]\/.test(t.secret)){for(var s,r,n,a=l.querySelectorAll('iframe[data-secret=\"'+t.secret+'\"]'),o=l.querySelectorAll('blockquote[data-secret=\"'+t.secret+'\"]'),c=new RegExp(\"^https?:$\",\"i\"),i=0;i<o.length;i++)o[i].style.display=\"none\";for(i=0;i<a.length;i++)s=a[i],e.source===s.contentWindow&&(s.removeAttribute(\"style\"),\"height\"===t.message?(1e3<(r=parseInt(t.value,10))?r=1e3:~~r<200&&(r=200),s.height=r):\"link\"===t.message&&(r=new URL(s.getAttribute(\"src\")),n=new URL(t.value),c.test(n.protocol))&&n.host===r.host&&l.activeElement===s&&(d.top.location.href=t.value))}},d.addEventListener(\"message\",d.wp.receiveEmbedMessage,!1),l.addEventListener(\"DOMContentLoaded\",function(){for(var e,t,s=l.querySelectorAll(\"iframe.wp-embedded-content\"),r=0;r<s.length;r++)(t=(e=s[r]).getAttribute(\"data-secret\"))||(t=Math.random().toString(36).substring(2,12),e.src+=\"#?secret=\"+t,e.setAttribute(\"data-secret\",t)),e.contentWindow.postMessage({message:\"ready\",secret:t},\"*\")},!1)))}(window,document);\n\/* ]]> *\/\n<\/script>\n","thumbnail_url":"https:\/\/www.museuolimpicbcn.cat\/wp-content\/uploads\/sites\/2\/2023\/06\/espai-2_webMOE-juntsperbeijing22_MOE_1190x420_A.png","thumbnail_width":1190,"thumbnail_height":420,"description":"Presentem una exposici\u00f3 fotogr\u00e0fica commemorativa dels Jocs Ol\u00edmpics i Paral\u00edmpics de Beijing 2022, els tercers consecutius que es van organitzar al continent asi\u00e0tic despr\u00e9s de les experi\u00e8ncies de Pyeongchang (Corea del Sud) i T\u00f2quio (Jap\u00f3). Beijing es va convertir en la primera ciutat en la hist\u00f2ria que va celebrar uns Jocs Ol\u00edmpics i Paral\u00edmpics d\u2019estiu [&hellip;]"}

Museu Olímpic i de l&#039;Esport

Junts per un futur compartit - Museu Olímpic i de l&#039;Esport

<blockquote class="wp-embedded-content" data-secret="xjlja5hqr8"><a href="https://www.museuolimpicbcn.cat/ca/exposicions/juntos-por-un-futuro-compartido/">Junts per un futur compartit</a></blockquote><iframe sandbox="allow-scripts" security="restricted" src="https://www.museuolimpicbcn.cat/ca/exposicions/juntos-por-un-futuro-compartido/embed/#?secret=xjlja5hqr8" width="600" height="338" title="&#8220;Junts per un futur compartit&#8221; &#8212; Museu Olímpic i de l&#039;Esport" data-secret="xjlja5hqr8" frameborder="0" marginwidth="0" marginheight="0" scrolling="no" class="wp-embedded-content"></iframe><script type="text/javascript">
/* <![CDATA[ */
/*! This file is auto-generated */
!function(d,l){"use strict";l.querySelector&&d.addEventListener&&"undefined"!=typeof URL&&(d.wp=d.wp||{},d.wp.receiveEmbedMessage||(d.wp.receiveEmbedMessage=function(e){var t=e.data;if((t||t.secret||t.message||t.value)&&!/[^a-zA-Z0-9]/.test(t.secret)){for(var s,r,n,a=l.querySelectorAll('iframe[data-secret="'+t.secret+'"]'),o=l.querySelectorAll('blockquote[data-secret="'+t.secret+'"]'),c=new RegExp("^https?:$","i"),i=0;i<o.length;i++)o[i].style.display="none";for(i=0;i<a.length;i++)s=a[i],e.source===s.contentWindow&&(s.removeAttribute("style"),"height"===t.message?(1e3<(r=parseInt(t.value,10))?r=1e3:~~r<200&&(r=200),s.height=r):"link"===t.message&&(r=new URL(s.getAttribute("src")),n=new URL(t.value),c.test(n.protocol))&&n.host===r.host&&l.activeElement===s&&(d.top.location.href=t.value))}},d.addEventListener("message",d.wp.receiveEmbedMessage,!1),l.addEventListener("DOMContentLoaded",function(){for(var e,t,s=l.querySelectorAll("iframe.wp-embedded-content"),r=0;r<s.length;r++)(t=(e=s[r]).getAttribute("data-secret"))||(t=Math.random().toString(36).substring(2,12),e.src+="#?secret="+t,e.setAttribute("data-secret",t)),e.contentWindow.postMessage({message:"ready",secret:t},"*")},!1)))}(window,document);
/* ]]> */
</script>

Presentem una exposició fotogràfica commemorativa dels Jocs Olímpics i Paralímpics de Beijing 2022, els tercers consecutius que es van organitzar al continent asiàtic després de les experiències de Pyeongchang (Corea del Sud) i Tòquio (Japó). Beijing es va convertir en la primera ciutat en la història que va celebrar uns Jocs Olímpics i Paralímpics d’estiu [&hellip;]
