{"version":"1.0","provider_name":"Museu Ol\u00edmpic i de l&#039;Esport Joan Antoni Samaranch. Barcelona","provider_url":"https:\/\/www.museuolimpicbcn.cat\/es\/","author_name":"useradmin","author_url":"https:\/\/www.museuolimpicbcn.cat\/es\/author\/useradmin\/","title":"3, 2, 1... RIO - Museu Ol\u00edmpic i de l&#039;Esport Joan Antoni Samaranch. Barcelona","type":"rich","width":600,"height":338,"html":"<blockquote class=\"wp-embedded-content\" data-secret=\"NPxT2hsR5u\"><a href=\"https:\/\/www.museuolimpicbcn.cat\/es\/exposiciones\/3-2-1-rio-2\/\">3, 2, 1&#8230; RIO<\/a><\/blockquote><iframe sandbox=\"allow-scripts\" security=\"restricted\" src=\"https:\/\/www.museuolimpicbcn.cat\/es\/exposiciones\/3-2-1-rio-2\/embed\/#?secret=NPxT2hsR5u\" width=\"600\" height=\"338\" title=\"\u00ab3, 2, 1&#8230; RIO\u00bb \u2014 Museu Ol\u00edmpic i de l&#039;Esport Joan Antoni Samaranch. Barcelona\" data-secret=\"NPxT2hsR5u\" frameborder=\"0\" marginwidth=\"0\" marginheight=\"0\" scrolling=\"no\" class=\"wp-embedded-content\"><\/iframe><script type=\"text\/javascript\">\n\/* <![CDATA[ *\/\n\/*! This file is auto-generated *\/\n!function(d,l){\"use strict\";l.querySelector&&d.addEventListener&&\"undefined\"!=typeof URL&&(d.wp=d.wp||{},d.wp.receiveEmbedMessage||(d.wp.receiveEmbedMessage=function(e){var t=e.data;if((t||t.secret||t.message||t.value)&&!\/[^a-zA-Z0-9]\/.test(t.secret)){for(var s,r,n,a=l.querySelectorAll('iframe[data-secret=\"'+t.secret+'\"]'),o=l.querySelectorAll('blockquote[data-secret=\"'+t.secret+'\"]'),c=new RegExp(\"^https?:$\",\"i\"),i=0;i<o.length;i++)o[i].style.display=\"none\";for(i=0;i<a.length;i++)s=a[i],e.source===s.contentWindow&&(s.removeAttribute(\"style\"),\"height\"===t.message?(1e3<(r=parseInt(t.value,10))?r=1e3:~~r<200&&(r=200),s.height=r):\"link\"===t.message&&(r=new URL(s.getAttribute(\"src\")),n=new URL(t.value),c.test(n.protocol))&&n.host===r.host&&l.activeElement===s&&(d.top.location.href=t.value))}},d.addEventListener(\"message\",d.wp.receiveEmbedMessage,!1),l.addEventListener(\"DOMContentLoaded\",function(){for(var e,t,s=l.querySelectorAll(\"iframe.wp-embedded-content\"),r=0;r<s.length;r++)(t=(e=s[r]).getAttribute(\"data-secret\"))||(t=Math.random().toString(36).substring(2,12),e.src+=\"#?secret=\"+t,e.setAttribute(\"data-secret\",t)),e.contentWindow.postMessage({message:\"ready\",secret:t},\"*\")},!1)))}(window,document);\n\/* ]]> *\/\n<\/script>\n","description":"Durante los XXXI Juegos Ol\u00edmpicos, el Museu Ol\u00edmpic i de l\u2019Esport presenta una exposici\u00f3n temporal sobre los cambios que han sido necesarios hacer en R\u00edo de Janeiro para acoger esta celebraci\u00f3n. La adecuaci\u00f3n de los espacios deportivos que se han producido siguiendo el ejemplo de Barcelona en la XXV Olimpiada, descentralizando las grandes zonas con instalaciones ol\u00edmpicas y mejorando los servicios de transporte y accesibilidad. Comparte tu experiencia con la etiqueta #321Rio."}

Museu Olímpic i de l&#039;Esport Joan Antoni Samaranch. Barcelona

3, 2, 1... RIO - Museu Olímpic i de l&#039;Esport Joan Antoni Samaranch. Barcelona

<blockquote class="wp-embedded-content" data-secret="NPxT2hsR5u"><a href="https://www.museuolimpicbcn.cat/es/exposiciones/3-2-1-rio-2/">3, 2, 1&#8230; RIO</a></blockquote><iframe sandbox="allow-scripts" security="restricted" src="https://www.museuolimpicbcn.cat/es/exposiciones/3-2-1-rio-2/embed/#?secret=NPxT2hsR5u" width="600" height="338" title="«3, 2, 1&#8230; RIO» — Museu Olímpic i de l&#039;Esport Joan Antoni Samaranch. Barcelona" data-secret="NPxT2hsR5u" frameborder="0" marginwidth="0" marginheight="0" scrolling="no" class="wp-embedded-content"></iframe><script type="text/javascript">
/* <![CDATA[ */
/*! This file is auto-generated */
!function(d,l){"use strict";l.querySelector&&d.addEventListener&&"undefined"!=typeof URL&&(d.wp=d.wp||{},d.wp.receiveEmbedMessage||(d.wp.receiveEmbedMessage=function(e){var t=e.data;if((t||t.secret||t.message||t.value)&&!/[^a-zA-Z0-9]/.test(t.secret)){for(var s,r,n,a=l.querySelectorAll('iframe[data-secret="'+t.secret+'"]'),o=l.querySelectorAll('blockquote[data-secret="'+t.secret+'"]'),c=new RegExp("^https?:$","i"),i=0;i<o.length;i++)o[i].style.display="none";for(i=0;i<a.length;i++)s=a[i],e.source===s.contentWindow&&(s.removeAttribute("style"),"height"===t.message?(1e3<(r=parseInt(t.value,10))?r=1e3:~~r<200&&(r=200),s.height=r):"link"===t.message&&(r=new URL(s.getAttribute("src")),n=new URL(t.value),c.test(n.protocol))&&n.host===r.host&&l.activeElement===s&&(d.top.location.href=t.value))}},d.addEventListener("message",d.wp.receiveEmbedMessage,!1),l.addEventListener("DOMContentLoaded",function(){for(var e,t,s=l.querySelectorAll("iframe.wp-embedded-content"),r=0;r<s.length;r++)(t=(e=s[r]).getAttribute("data-secret"))||(t=Math.random().toString(36).substring(2,12),e.src+="#?secret="+t,e.setAttribute("data-secret",t)),e.contentWindow.postMessage({message:"ready",secret:t},"*")},!1)))}(window,document);
/* ]]> */
</script>

Durante los XXXI Juegos Olímpicos, el Museu Olímpic i de l’Esport presenta una exposición temporal sobre los cambios que han sido necesarios hacer en Río de Janeiro para acoger esta celebración. La adecuación de los espacios deportivos que se han producido siguiendo el ejemplo de Barcelona en la XXV Olimpiada, descentralizando las grandes zonas con instalaciones olímpicas y mejorando los servicios de transporte y accesibilidad. Comparte tu experiencia con la etiqueta #321Rio.
