{"version":"1.0","provider_name":"Museu Ol\u00edmpic i de l&#039;Esport Joan Antoni Samaranch. Barcelona","provider_url":"https:\/\/www.museuolimpicbcn.cat\/es\/","author_name":"Ibone","author_url":"https:\/\/www.museuolimpicbcn.cat\/es\/author\/fbolimpica\/","title":"Presentaci\u00f3n de Zurich Marat\u00f3n Barcelona - Museu Ol\u00edmpic i de l&#039;Esport Joan Antoni Samaranch. Barcelona","type":"rich","width":600,"height":338,"html":"<blockquote class=\"wp-embedded-content\" data-secret=\"y9YCvAfCCs\"><a href=\"https:\/\/www.museuolimpicbcn.cat\/es\/presentacion-de-zurich-maraton-barcelona\/\">Presentaci\u00f3n de Zurich Marat\u00f3n Barcelona<\/a><\/blockquote><iframe sandbox=\"allow-scripts\" security=\"restricted\" src=\"https:\/\/www.museuolimpicbcn.cat\/es\/presentacion-de-zurich-maraton-barcelona\/embed\/#?secret=y9YCvAfCCs\" width=\"600\" height=\"338\" title=\"\u00abPresentaci\u00f3n de Zurich Marat\u00f3n Barcelona\u00bb \u2014 Museu Ol\u00edmpic i de l&#039;Esport Joan Antoni Samaranch. Barcelona\" data-secret=\"y9YCvAfCCs\" frameborder=\"0\" marginwidth=\"0\" marginheight=\"0\" scrolling=\"no\" class=\"wp-embedded-content\"><\/iframe><script type=\"text\/javascript\">\n\/* <![CDATA[ *\/\n\/*! This file is auto-generated *\/\n!function(d,l){\"use strict\";l.querySelector&&d.addEventListener&&\"undefined\"!=typeof URL&&(d.wp=d.wp||{},d.wp.receiveEmbedMessage||(d.wp.receiveEmbedMessage=function(e){var t=e.data;if((t||t.secret||t.message||t.value)&&!\/[^a-zA-Z0-9]\/.test(t.secret)){for(var s,r,n,a=l.querySelectorAll('iframe[data-secret=\"'+t.secret+'\"]'),o=l.querySelectorAll('blockquote[data-secret=\"'+t.secret+'\"]'),c=new RegExp(\"^https?:$\",\"i\"),i=0;i<o.length;i++)o[i].style.display=\"none\";for(i=0;i<a.length;i++)s=a[i],e.source===s.contentWindow&&(s.removeAttribute(\"style\"),\"height\"===t.message?(1e3<(r=parseInt(t.value,10))?r=1e3:~~r<200&&(r=200),s.height=r):\"link\"===t.message&&(r=new URL(s.getAttribute(\"src\")),n=new URL(t.value),c.test(n.protocol))&&n.host===r.host&&l.activeElement===s&&(d.top.location.href=t.value))}},d.addEventListener(\"message\",d.wp.receiveEmbedMessage,!1),l.addEventListener(\"DOMContentLoaded\",function(){for(var e,t,s=l.querySelectorAll(\"iframe.wp-embedded-content\"),r=0;r<s.length;r++)(t=(e=s[r]).getAttribute(\"data-secret\"))||(t=Math.random().toString(36).substring(2,12),e.src+=\"#?secret=\"+t,e.setAttribute(\"data-secret\",t)),e.contentWindow.postMessage({message:\"ready\",secret:t},\"*\")},!1)))}(window,document);\n\/* ]]> *\/\n<\/script>\n","thumbnail_url":"https:\/\/www.museuolimpicbcn.cat\/wp-content\/uploads\/sites\/2\/2021\/11\/IMG_4490.jpg","thumbnail_width":2016,"thumbnail_height":1134,"description":"El acto ha contado con la presencia de David Escud\u00e9, Regidor de Deportes del Ayuntamiento de Barcelona; Cristian Llorens, director de la Zurich Marat\u00f3n Barcelona; Sonia Mansilla, directora de Marketing Zurich Seguros y los atletas Betty Lempus, Yemane Tsegay y Daniele Meicci que tomar\u00e1n la salida este domingo a las 8:30 horas en Avenida Maria [&hellip;]"}

Museu Olímpic i de l&#039;Esport Joan Antoni Samaranch. Barcelona

Presentación de Zurich Maratón Barcelona - Museu Olímpic i de l&#039;Esport Joan Antoni Samaranch. Barcelona

<blockquote class="wp-embedded-content" data-secret="y9YCvAfCCs"><a href="https://www.museuolimpicbcn.cat/es/presentacion-de-zurich-maraton-barcelona/">Presentación de Zurich Maratón Barcelona</a></blockquote><iframe sandbox="allow-scripts" security="restricted" src="https://www.museuolimpicbcn.cat/es/presentacion-de-zurich-maraton-barcelona/embed/#?secret=y9YCvAfCCs" width="600" height="338" title="«Presentación de Zurich Maratón Barcelona» — Museu Olímpic i de l&#039;Esport Joan Antoni Samaranch. Barcelona" data-secret="y9YCvAfCCs" frameborder="0" marginwidth="0" marginheight="0" scrolling="no" class="wp-embedded-content"></iframe><script type="text/javascript">
/* <![CDATA[ */
/*! This file is auto-generated */
!function(d,l){"use strict";l.querySelector&&d.addEventListener&&"undefined"!=typeof URL&&(d.wp=d.wp||{},d.wp.receiveEmbedMessage||(d.wp.receiveEmbedMessage=function(e){var t=e.data;if((t||t.secret||t.message||t.value)&&!/[^a-zA-Z0-9]/.test(t.secret)){for(var s,r,n,a=l.querySelectorAll('iframe[data-secret="'+t.secret+'"]'),o=l.querySelectorAll('blockquote[data-secret="'+t.secret+'"]'),c=new RegExp("^https?:$","i"),i=0;i<o.length;i++)o[i].style.display="none";for(i=0;i<a.length;i++)s=a[i],e.source===s.contentWindow&&(s.removeAttribute("style"),"height"===t.message?(1e3<(r=parseInt(t.value,10))?r=1e3:~~r<200&&(r=200),s.height=r):"link"===t.message&&(r=new URL(s.getAttribute("src")),n=new URL(t.value),c.test(n.protocol))&&n.host===r.host&&l.activeElement===s&&(d.top.location.href=t.value))}},d.addEventListener("message",d.wp.receiveEmbedMessage,!1),l.addEventListener("DOMContentLoaded",function(){for(var e,t,s=l.querySelectorAll("iframe.wp-embedded-content"),r=0;r<s.length;r++)(t=(e=s[r]).getAttribute("data-secret"))||(t=Math.random().toString(36).substring(2,12),e.src+="#?secret="+t,e.setAttribute("data-secret",t)),e.contentWindow.postMessage({message:"ready",secret:t},"*")},!1)))}(window,document);
/* ]]> */
</script>

El acto ha contado con la presencia de David Escudé, Regidor de Deportes del Ayuntamiento de Barcelona; Cristian Llorens, director de la Zurich Maratón Barcelona; Sonia Mansilla, directora de Marketing Zurich Seguros y los atletas Betty Lempus, Yemane Tsegay y Daniele Meicci que tomarán la salida este domingo a las 8:30 horas en Avenida Maria [&hellip;]
